{"id":3940,"date":"2025-09-16T14:02:52","date_gmt":"2025-09-16T17:02:52","guid":{"rendered":"https:\/\/valetec.com.br\/site\/?page_id=3940"},"modified":"2025-10-21T11:57:39","modified_gmt":"2025-10-21T14:57:39","slug":"carbono-zero","status":"publish","type":"page","link":"https:\/\/valetec.com.br\/site\/carbono-zero\/","title":{"rendered":"Carbono Zero"},"content":{"rendered":"\t\t<div data-elementor-type=\"wp-page\" data-elementor-id=\"3940\" class=\"elementor elementor-3940\">\n\t\t\t\t\t\t<section class=\"elementor-section elementor-top-section elementor-element elementor-element-036d2f0 elementor-section-boxed elementor-section-height-default elementor-section-height-default parallax_section_no qode_elementor_container_no\" data-id=\"036d2f0\" data-element_type=\"section\" data-settings=\"{&quot;background_background&quot;:&quot;gradient&quot;}\">\n\t\t\t\t\t\t<div class=\"elementor-container elementor-column-gap-default\">\n\t\t\t\t\t<div class=\"elementor-column elementor-col-50 elementor-top-column elementor-element elementor-element-a6de8d7\" data-id=\"a6de8d7\" data-element_type=\"column\">\n\t\t\t<div class=\"elementor-widget-wrap elementor-element-populated\">\n\t\t\t\t\t\t<section class=\"elementor-section elementor-inner-section elementor-element elementor-element-839a1e4 elementor-section-boxed elementor-section-height-default elementor-section-height-default parallax_section_no qode_elementor_container_no\" data-id=\"839a1e4\" data-element_type=\"section\">\n\t\t\t\t\t\t<div class=\"elementor-container elementor-column-gap-default\">\n\t\t\t\t\t<div class=\"elementor-column elementor-col-100 elementor-inner-column elementor-element elementor-element-3241080\" data-id=\"3241080\" data-element_type=\"column\">\n\t\t\t<div class=\"elementor-widget-wrap elementor-element-populated\">\n\t\t\t\t\t\t<div class=\"elementor-element elementor-element-66454ff elementor-widget elementor-widget-text-editor\" data-id=\"66454ff\" data-element_type=\"widget\" data-widget_type=\"text-editor.default\">\n\t\t\t\t<div class=\"elementor-widget-container\">\n\t\t\t\t\t\t\t\t\tValetec foi Carbono Neutro em 2024 \t\t\t\t\t\t\t\t<\/div>\n\t\t\t\t<\/div>\n\t\t\t\t<div class=\"elementor-element elementor-element-3e7199c elementor-widget elementor-widget-text-editor\" data-id=\"3e7199c\" data-element_type=\"widget\" data-widget_type=\"text-editor.default\">\n\t\t\t\t<div class=\"elementor-widget-container\">\n\t\t\t\t\t\t\t\t\tCompromisso real com um futuro sustent\u00e1vel \t\t\t\t\t\t\t\t<\/div>\n\t\t\t\t<\/div>\n\t\t\t\t<div class=\"elementor-element elementor-element-c0fc506 elementor-widget elementor-widget-image\" data-id=\"c0fc506\" data-element_type=\"widget\" data-widget_type=\"image.default\">\n\t\t\t\t<div class=\"elementor-widget-container\">\n\t\t\t\t\t\t\t\t\t\t\t\t\t\t\t<img fetchpriority=\"high\" decoding=\"async\" width=\"500\" height=\"300\" src=\"https:\/\/valetec.com.br\/site\/wp-content\/uploads\/2025\/09\/carbono-zero-valetec.png\" class=\"attachment-large size-large wp-image-3943\" alt=\"\" srcset=\"https:\/\/valetec.com.br\/site\/wp-content\/uploads\/2025\/09\/carbono-zero-valetec.png 500w, https:\/\/valetec.com.br\/site\/wp-content\/uploads\/2025\/09\/carbono-zero-valetec-300x180.png 300w\" sizes=\"(max-width: 500px) 100vw, 500px\" \/>\t\t\t\t\t\t\t\t\t\t\t\t\t\t\t<\/div>\n\t\t\t\t<\/div>\n\t\t\t\t\t<\/div>\n\t\t<\/div>\n\t\t\t\t\t<\/div>\n\t\t<\/section>\n\t\t\t\t<div class=\"elementor-element elementor-element-65e6f35 elementor-widget elementor-widget-spacer\" data-id=\"65e6f35\" data-element_type=\"widget\" data-widget_type=\"spacer.default\">\n\t\t\t\t<div class=\"elementor-widget-container\">\n\t\t\t\t\t\t\t<div class=\"elementor-spacer\">\n\t\t\t<div class=\"elementor-spacer-inner\"><\/div>\n\t\t<\/div>\n\t\t\t\t\t\t<\/div>\n\t\t\t\t<\/div>\n\t\t\t\t<div class=\"elementor-element elementor-element-52d0db0 elementor-widget elementor-widget-spacer\" data-id=\"52d0db0\" data-element_type=\"widget\" data-widget_type=\"spacer.default\">\n\t\t\t\t<div class=\"elementor-widget-container\">\n\t\t\t\t\t\t\t<div class=\"elementor-spacer\">\n\t\t\t<div class=\"elementor-spacer-inner\"><\/div>\n\t\t<\/div>\n\t\t\t\t\t\t<\/div>\n\t\t\t\t<\/div>\n\t\t\t\t\t<\/div>\n\t\t<\/div>\n\t\t\t\t<div class=\"elementor-column elementor-col-50 elementor-top-column elementor-element elementor-element-ae8f179\" data-id=\"ae8f179\" data-element_type=\"column\" data-settings=\"{&quot;background_background&quot;:&quot;classic&quot;}\">\n\t\t\t<div class=\"elementor-widget-wrap elementor-element-populated\">\n\t\t\t\t\t\t<div class=\"elementor-element elementor-element-62c2534 elementor-widget elementor-widget-text-editor\" data-id=\"62c2534\" data-element_type=\"widget\" data-widget_type=\"text-editor.default\">\n\t\t\t\t<div class=\"elementor-widget-container\">\n\t\t\t\t\t\t\t\t\tNa Valetec, acreditamos que sustentabilidade n\u00e3o deve ser apenas um discurso, mas uma pr\u00e1tica constante em nossas opera\u00e7\u00f5es. \t\t\t\t\t\t\t\t<\/div>\n\t\t\t\t<\/div>\n\t\t\t\t<div class=\"elementor-element elementor-element-830fe54 elementor-widget elementor-widget-text-editor\" data-id=\"830fe54\" data-element_type=\"widget\" data-widget_type=\"text-editor.default\">\n\t\t\t\t<div class=\"elementor-widget-container\">\n\t\t\t\t\t\t\t\t\tPor isso, realizamos o invent\u00e1rio das nossas emiss\u00f5es de\u00a0<strong>Gases de Efeito Estufa (GEE)<\/strong>\u00a0referente ao ano de 2024. O resultado apontou a emiss\u00e3o de\u00a0<strong>11 toneladas de CO\u2082 equivalente<\/strong>, que foram devidamente\u00a0<strong>compensadas<\/strong>. \t\t\t\t\t\t\t\t<\/div>\n\t\t\t\t<\/div>\n\t\t\t\t<div class=\"elementor-element elementor-element-03882a3 elementor-widget elementor-widget-text-editor\" data-id=\"03882a3\" data-element_type=\"widget\" data-widget_type=\"text-editor.default\">\n\t\t\t\t<div class=\"elementor-widget-container\">\n\t\t\t\t\t\t\t\t\tDessa forma, a Valetec se tornou oficialmente uma\u00a0<strong>empresa\u00a0<span class=\"il\">Carbono<\/span>\u00a0Neutro em 2024<\/strong>, atingindo emiss\u00f5es l\u00edquidas iguais a\u00a0<span class=\"il\">zero<\/span>. \t\t\t\t\t\t\t\t<\/div>\n\t\t\t\t<\/div>\n\t\t\t\t<div class=\"elementor-element elementor-element-cee34f1 elementor-widget elementor-widget-text-editor\" data-id=\"cee34f1\" data-element_type=\"widget\" data-widget_type=\"text-editor.default\">\n\t\t\t\t<div class=\"elementor-widget-container\">\n\t\t\t\t\t\t\t\t\tMais do que um selo, essa conquista representa a nossa escolha de\u00a0<strong>agir pelo futuro<\/strong>. \t\t\t\t\t\t\t\t<\/div>\n\t\t\t\t<\/div>\n\t\t\t\t\t<\/div>\n\t\t<\/div>\n\t\t\t\t\t<\/div>\n\t\t<\/section>\n\t\t\t\t<section class=\"elementor-section elementor-top-section elementor-element elementor-element-660db38 elementor-section-boxed elementor-section-height-default elementor-section-height-default parallax_section_no qode_elementor_container_no\" data-id=\"660db38\" data-element_type=\"section\" data-settings=\"{&quot;background_background&quot;:&quot;classic&quot;}\">\n\t\t\t\t\t\t<div class=\"elementor-container elementor-column-gap-default\">\n\t\t\t\t\t<div class=\"elementor-column elementor-col-50 elementor-top-column elementor-element elementor-element-c120c98\" data-id=\"c120c98\" data-element_type=\"column\">\n\t\t\t<div class=\"elementor-widget-wrap elementor-element-populated\">\n\t\t\t\t\t\t<div class=\"elementor-element elementor-element-8ed0a05 elementor-widget elementor-widget-text-editor\" data-id=\"8ed0a05\" data-element_type=\"widget\" data-widget_type=\"text-editor.default\">\n\t\t\t\t<div class=\"elementor-widget-container\">\n\t\t\t\t\t\t\t\t\t<p><img decoding=\"async\" class=\"aligncenter wp-image-4082\" src=\"https:\/\/valetec.com.br\/site\/wp-content\/uploads\/2025\/10\/report-sustentabilidade-valetec-2024.png\" alt=\"\" width=\"380\" height=\"380\" srcset=\"https:\/\/valetec.com.br\/site\/wp-content\/uploads\/2025\/10\/report-sustentabilidade-valetec-2024.png 700w, https:\/\/valetec.com.br\/site\/wp-content\/uploads\/2025\/10\/report-sustentabilidade-valetec-2024-300x300.png 300w, https:\/\/valetec.com.br\/site\/wp-content\/uploads\/2025\/10\/report-sustentabilidade-valetec-2024-150x150.png 150w, https:\/\/valetec.com.br\/site\/wp-content\/uploads\/2025\/10\/report-sustentabilidade-valetec-2024-570x570.png 570w, https:\/\/valetec.com.br\/site\/wp-content\/uploads\/2025\/10\/report-sustentabilidade-valetec-2024-500x500.png 500w, https:\/\/valetec.com.br\/site\/wp-content\/uploads\/2025\/10\/report-sustentabilidade-valetec-2024-650x650.png 650w\" sizes=\"(max-width: 380px) 100vw, 380px\" \/><\/p>\t\t\t\t\t\t\t\t<\/div>\n\t\t\t\t<\/div>\n\t\t\t\t\t<\/div>\n\t\t<\/div>\n\t\t\t\t<div class=\"elementor-column elementor-col-50 elementor-top-column elementor-element elementor-element-6cadce4\" data-id=\"6cadce4\" data-element_type=\"column\">\n\t\t\t<div class=\"elementor-widget-wrap elementor-element-populated\">\n\t\t\t\t\t\t<div class=\"elementor-element elementor-element-5a3f237 elementor-widget elementor-widget-spacer\" data-id=\"5a3f237\" data-element_type=\"widget\" data-widget_type=\"spacer.default\">\n\t\t\t\t<div class=\"elementor-widget-container\">\n\t\t\t\t\t\t\t<div class=\"elementor-spacer\">\n\t\t\t<div class=\"elementor-spacer-inner\"><\/div>\n\t\t<\/div>\n\t\t\t\t\t\t<\/div>\n\t\t\t\t<\/div>\n\t\t\t\t<div class=\"elementor-element elementor-element-084ab47 elementor-widget elementor-widget-text-editor\" data-id=\"084ab47\" data-element_type=\"widget\" data-widget_type=\"text-editor.default\">\n\t\t\t\t<div class=\"elementor-widget-container\">\n\t\t\t\t\t\t\t\t\t<h2 class=\"elementor-heading-title elementor-size-default\">RELAT\u00d3RIO DE SUSTENTABILIDADE 2024<\/h2>\t\t\t\t\t\t\t\t<\/div>\n\t\t\t\t<\/div>\n\t\t\t\t<div class=\"elementor-element elementor-element-9a769b9 elementor-widget elementor-widget-text-editor\" data-id=\"9a769b9\" data-element_type=\"widget\" data-widget_type=\"text-editor.default\">\n\t\t\t\t<div class=\"elementor-widget-container\">\n\t\t\t\t\t\t\t\t\t<p>Nosso compromisso com o desenvolvimento sustent\u00e1vel vai al\u00e9m das nossas opera\u00e7\u00f5es. Por meio do Relat\u00f3rio de Sustentabilidade, compartilhamos de forma transparente as a\u00e7\u00f5es, resultados e metas que refletem nossa responsabilidade ambiental, social e de governan\u00e7a (ESG). Este documento refor\u00e7a nossa dedica\u00e7\u00e3o em gerar valor para nossos colaboradores, clientes, parceiros e para a sociedade, sempre com foco na \u00e9tica, inova\u00e7\u00e3o e no respeito ao meio ambiente.<\/p>\t\t\t\t\t\t\t\t<\/div>\n\t\t\t\t<\/div>\n\t\t\t\t<div class=\"elementor-element elementor-element-3a72675 elementor-align-left elementor-widget elementor-widget-button\" data-id=\"3a72675\" data-element_type=\"widget\" data-widget_type=\"button.default\">\n\t\t\t\t<div class=\"elementor-widget-container\">\n\t\t\t\t\t\t\t\t\t<div class=\"elementor-button-wrapper\">\n\t\t\t\t\t<a class=\"elementor-button elementor-button-link elementor-size-sm\" href=\"https:\/\/valetec.com.br\/site\/report-sustentabilidade\/\">\n\t\t\t\t\t\t<span class=\"elementor-button-content-wrapper\">\n\t\t\t\t\t\t\t\t\t<span class=\"elementor-button-text\">Ver mais<\/span>\n\t\t\t\t\t<\/span>\n\t\t\t\t\t<\/a>\n\t\t\t\t<\/div>\n\t\t\t\t\t\t\t\t<\/div>\n\t\t\t\t<\/div>\n\t\t\t\t\t<\/div>\n\t\t<\/div>\n\t\t\t\t\t<\/div>\n\t\t<\/section>\n\t\t\t\t<\/div>\n\t\t","protected":false},"excerpt":{"rendered":"<p>Valetec foi Carbono Neutro em 2024 Compromisso real com um futuro sustent\u00e1vel Na Valetec, acreditamos que sustentabilidade n\u00e3o deve ser apenas um discurso, mas uma pr\u00e1tica constante em nossas opera\u00e7\u00f5es. Por isso, realizamos o invent\u00e1rio das nossas emiss\u00f5es de\u00a0Gases de Efeito Estufa (GEE)\u00a0referente ao ano&#8230;<\/p>\n","protected":false},"author":1,"featured_media":0,"parent":0,"menu_order":0,"comment_status":"closed","ping_status":"closed","template":"full_width.php","meta":{"footnotes":""},"class_list":["post-3940","page","type-page","status-publish","hentry"],"yoast_head":"<!-- This site is optimized with the Yoast SEO plugin v27.2 - https:\/\/yoast.com\/product\/yoast-seo-wordpress\/ -->\n<title>Carbono Zero - Valetec<\/title>\n<meta name=\"robots\" content=\"index, follow, max-snippet:-1, max-image-preview:large, max-video-preview:-1\" \/>\n<link rel=\"canonical\" href=\"https:\/\/valetec.com.br\/site\/carbono-zero\/\" \/>\n<meta property=\"og:locale\" content=\"pt_BR\" \/>\n<meta property=\"og:type\" content=\"article\" \/>\n<meta property=\"og:title\" content=\"Carbono Zero - Valetec\" \/>\n<meta property=\"og:description\" content=\"Valetec foi Carbono Neutro em 2024 Compromisso real com um futuro sustent\u00e1vel Na Valetec, acreditamos que sustentabilidade n\u00e3o deve ser apenas um discurso, mas uma pr\u00e1tica constante em nossas opera\u00e7\u00f5es. Por isso, realizamos o invent\u00e1rio das nossas emiss\u00f5es de\u00a0Gases de Efeito Estufa (GEE)\u00a0referente ao ano...\" \/>\n<meta property=\"og:url\" content=\"https:\/\/valetec.com.br\/site\/carbono-zero\/\" \/>\n<meta property=\"og:site_name\" content=\"Valetec\" \/>\n<meta property=\"article:modified_time\" content=\"2025-10-21T14:57:39+00:00\" \/>\n<meta property=\"og:image\" content=\"https:\/\/valetec.com.br\/site\/wp-content\/uploads\/2025\/09\/carbono-zero-valetec.png\" \/>\n\t<meta property=\"og:image:width\" content=\"500\" \/>\n\t<meta property=\"og:image:height\" content=\"300\" \/>\n\t<meta property=\"og:image:type\" content=\"image\/png\" \/>\n<meta name=\"twitter:card\" content=\"summary_large_image\" \/>\n<meta name=\"twitter:label1\" content=\"Est. tempo de leitura\" \/>\n\t<meta name=\"twitter:data1\" content=\"2 minutos\" \/>\n<script type=\"application\/ld+json\" class=\"yoast-schema-graph\">{\"@context\":\"https:\/\/schema.org\",\"@graph\":[{\"@type\":\"WebPage\",\"@id\":\"https:\/\/valetec.com.br\/site\/carbono-zero\/\",\"url\":\"https:\/\/valetec.com.br\/site\/carbono-zero\/\",\"name\":\"Carbono Zero - Valetec\",\"isPartOf\":{\"@id\":\"https:\/\/valetec.com.br\/site\/#website\"},\"primaryImageOfPage\":{\"@id\":\"https:\/\/valetec.com.br\/site\/carbono-zero\/#primaryimage\"},\"image\":{\"@id\":\"https:\/\/valetec.com.br\/site\/carbono-zero\/#primaryimage\"},\"thumbnailUrl\":\"https:\/\/valetec.com.br\/site\/wp-content\/uploads\/2025\/09\/carbono-zero-valetec.png\",\"datePublished\":\"2025-09-16T17:02:52+00:00\",\"dateModified\":\"2025-10-21T14:57:39+00:00\",\"breadcrumb\":{\"@id\":\"https:\/\/valetec.com.br\/site\/carbono-zero\/#breadcrumb\"},\"inLanguage\":\"pt-BR\",\"potentialAction\":[{\"@type\":\"ReadAction\",\"target\":[\"https:\/\/valetec.com.br\/site\/carbono-zero\/\"]}]},{\"@type\":\"ImageObject\",\"inLanguage\":\"pt-BR\",\"@id\":\"https:\/\/valetec.com.br\/site\/carbono-zero\/#primaryimage\",\"url\":\"https:\/\/valetec.com.br\/site\/wp-content\/uploads\/2025\/09\/carbono-zero-valetec.png\",\"contentUrl\":\"https:\/\/valetec.com.br\/site\/wp-content\/uploads\/2025\/09\/carbono-zero-valetec.png\",\"width\":500,\"height\":300},{\"@type\":\"BreadcrumbList\",\"@id\":\"https:\/\/valetec.com.br\/site\/carbono-zero\/#breadcrumb\",\"itemListElement\":[{\"@type\":\"ListItem\",\"position\":1,\"name\":\"In\u00edcio\",\"item\":\"https:\/\/valetec.com.br\/site\/\"},{\"@type\":\"ListItem\",\"position\":2,\"name\":\"Carbono Zero\"}]},{\"@type\":\"WebSite\",\"@id\":\"https:\/\/valetec.com.br\/site\/#website\",\"url\":\"https:\/\/valetec.com.br\/site\/\",\"name\":\"Valetec\",\"description\":\"Investimentos sob medida para sua estrat\u00e9gia\",\"publisher\":{\"@id\":\"https:\/\/valetec.com.br\/site\/#organization\"},\"potentialAction\":[{\"@type\":\"SearchAction\",\"target\":{\"@type\":\"EntryPoint\",\"urlTemplate\":\"https:\/\/valetec.com.br\/site\/?s={search_term_string}\"},\"query-input\":{\"@type\":\"PropertyValueSpecification\",\"valueRequired\":true,\"valueName\":\"search_term_string\"}}],\"inLanguage\":\"pt-BR\"},{\"@type\":\"Organization\",\"@id\":\"https:\/\/valetec.com.br\/site\/#organization\",\"name\":\"Valetec\",\"url\":\"https:\/\/valetec.com.br\/site\/\",\"logo\":{\"@type\":\"ImageObject\",\"inLanguage\":\"pt-BR\",\"@id\":\"https:\/\/valetec.com.br\/site\/#\/schema\/logo\/image\/\",\"url\":\"https:\/\/valetec.com.br\/site\/wp-content\/uploads\/2023\/04\/logovaltec.png\",\"contentUrl\":\"https:\/\/valetec.com.br\/site\/wp-content\/uploads\/2023\/04\/logovaltec.png\",\"width\":843,\"height\":240,\"caption\":\"Valetec\"},\"image\":{\"@id\":\"https:\/\/valetec.com.br\/site\/#\/schema\/logo\/image\/\"}}]}<\/script>\n<!-- \/ Yoast SEO plugin. -->","yoast_head_json":{"title":"Carbono Zero - Valetec","robots":{"index":"index","follow":"follow","max-snippet":"max-snippet:-1","max-image-preview":"max-image-preview:large","max-video-preview":"max-video-preview:-1"},"canonical":"https:\/\/valetec.com.br\/site\/carbono-zero\/","og_locale":"pt_BR","og_type":"article","og_title":"Carbono Zero - Valetec","og_description":"Valetec foi Carbono Neutro em 2024 Compromisso real com um futuro sustent\u00e1vel Na Valetec, acreditamos que sustentabilidade n\u00e3o deve ser apenas um discurso, mas uma pr\u00e1tica constante em nossas opera\u00e7\u00f5es. Por isso, realizamos o invent\u00e1rio das nossas emiss\u00f5es de\u00a0Gases de Efeito Estufa (GEE)\u00a0referente ao ano...","og_url":"https:\/\/valetec.com.br\/site\/carbono-zero\/","og_site_name":"Valetec","article_modified_time":"2025-10-21T14:57:39+00:00","og_image":[{"width":500,"height":300,"url":"https:\/\/valetec.com.br\/site\/wp-content\/uploads\/2025\/09\/carbono-zero-valetec.png","type":"image\/png"}],"twitter_card":"summary_large_image","twitter_misc":{"Est. tempo de leitura":"2 minutos"},"schema":{"@context":"https:\/\/schema.org","@graph":[{"@type":"WebPage","@id":"https:\/\/valetec.com.br\/site\/carbono-zero\/","url":"https:\/\/valetec.com.br\/site\/carbono-zero\/","name":"Carbono Zero - Valetec","isPartOf":{"@id":"https:\/\/valetec.com.br\/site\/#website"},"primaryImageOfPage":{"@id":"https:\/\/valetec.com.br\/site\/carbono-zero\/#primaryimage"},"image":{"@id":"https:\/\/valetec.com.br\/site\/carbono-zero\/#primaryimage"},"thumbnailUrl":"https:\/\/valetec.com.br\/site\/wp-content\/uploads\/2025\/09\/carbono-zero-valetec.png","datePublished":"2025-09-16T17:02:52+00:00","dateModified":"2025-10-21T14:57:39+00:00","breadcrumb":{"@id":"https:\/\/valetec.com.br\/site\/carbono-zero\/#breadcrumb"},"inLanguage":"pt-BR","potentialAction":[{"@type":"ReadAction","target":["https:\/\/valetec.com.br\/site\/carbono-zero\/"]}]},{"@type":"ImageObject","inLanguage":"pt-BR","@id":"https:\/\/valetec.com.br\/site\/carbono-zero\/#primaryimage","url":"https:\/\/valetec.com.br\/site\/wp-content\/uploads\/2025\/09\/carbono-zero-valetec.png","contentUrl":"https:\/\/valetec.com.br\/site\/wp-content\/uploads\/2025\/09\/carbono-zero-valetec.png","width":500,"height":300},{"@type":"BreadcrumbList","@id":"https:\/\/valetec.com.br\/site\/carbono-zero\/#breadcrumb","itemListElement":[{"@type":"ListItem","position":1,"name":"In\u00edcio","item":"https:\/\/valetec.com.br\/site\/"},{"@type":"ListItem","position":2,"name":"Carbono Zero"}]},{"@type":"WebSite","@id":"https:\/\/valetec.com.br\/site\/#website","url":"https:\/\/valetec.com.br\/site\/","name":"Valetec","description":"Investimentos sob medida para sua estrat\u00e9gia","publisher":{"@id":"https:\/\/valetec.com.br\/site\/#organization"},"potentialAction":[{"@type":"SearchAction","target":{"@type":"EntryPoint","urlTemplate":"https:\/\/valetec.com.br\/site\/?s={search_term_string}"},"query-input":{"@type":"PropertyValueSpecification","valueRequired":true,"valueName":"search_term_string"}}],"inLanguage":"pt-BR"},{"@type":"Organization","@id":"https:\/\/valetec.com.br\/site\/#organization","name":"Valetec","url":"https:\/\/valetec.com.br\/site\/","logo":{"@type":"ImageObject","inLanguage":"pt-BR","@id":"https:\/\/valetec.com.br\/site\/#\/schema\/logo\/image\/","url":"https:\/\/valetec.com.br\/site\/wp-content\/uploads\/2023\/04\/logovaltec.png","contentUrl":"https:\/\/valetec.com.br\/site\/wp-content\/uploads\/2023\/04\/logovaltec.png","width":843,"height":240,"caption":"Valetec"},"image":{"@id":"https:\/\/valetec.com.br\/site\/#\/schema\/logo\/image\/"}}]}},"_links":{"self":[{"href":"https:\/\/valetec.com.br\/site\/wp-json\/wp\/v2\/pages\/3940","targetHints":{"allow":["GET"]}}],"collection":[{"href":"https:\/\/valetec.com.br\/site\/wp-json\/wp\/v2\/pages"}],"about":[{"href":"https:\/\/valetec.com.br\/site\/wp-json\/wp\/v2\/types\/page"}],"author":[{"embeddable":true,"href":"https:\/\/valetec.com.br\/site\/wp-json\/wp\/v2\/users\/1"}],"replies":[{"embeddable":true,"href":"https:\/\/valetec.com.br\/site\/wp-json\/wp\/v2\/comments?post=3940"}],"version-history":[{"count":13,"href":"https:\/\/valetec.com.br\/site\/wp-json\/wp\/v2\/pages\/3940\/revisions"}],"predecessor-version":[{"id":4131,"href":"https:\/\/valetec.com.br\/site\/wp-json\/wp\/v2\/pages\/3940\/revisions\/4131"}],"wp:attachment":[{"href":"https:\/\/valetec.com.br\/site\/wp-json\/wp\/v2\/media?parent=3940"}],"curies":[{"name":"wp","href":"https:\/\/api.w.org\/{rel}","templated":true}]}}